). What is the highest common divisor of o and m?
1
Let m(c) = -55*c + 2437. Let k be m(43). Calculate the greatest common factor of 2718 and k.
18
Let h = -1018 + 1060. Calculate the greatest common divisor of 17052 and h.
42
Let w be 1 + 1 + (-100 - 4/(-2)). Let h be -19 + 0/(-3 - -1). Let d = h - w. Calculate the greatest common divisor of 11 and d.
11
Let l = -132 - -166. Let y be 1433/6 + (-5)/6. Calculate the greatest common divisor of y and l.
34
Let g(u) = 477*u**2 - 117*u + 14. Let f be g(4). Calculate the greatest common factor of f and 970.
194
Let b = -36464 - -36948. Calculate the highest common factor of b and 1100.
44
Suppose -40*a + 2460 = 86*a - 85*a. Calculate the greatest common divisor of a and 2865.
15
Suppose -z + 4 = 3*r - 2*z, 8 = r + z. Suppose 0 = -6*w + 1958 - 308. Let s = 302 - w. What is the greatest common divisor of r and s?
3
Let c = 36 - -19. Let d = 225 + c. Suppose -4*n + 8*n = d. Calculate the highest common factor of n and 14.
14
Let n(o) = 3*o**3 - 16*o**2 - 11*o + 16. Let b be n(6). Let a = -129 + 195. Let k be (-4)/6*a/(-2). What is the greatest common divisor of k and b?
22
Suppose 7 = 5*p - 13. Suppose 3*s + 419 = 4*j, 0 = p*j - 2*s - 3*s - 421. Let x = -8960 - -8986. Calculate the highest common divisor of j and x.
26
Let s be (221/(-39) + -5)*((-3)/(-4))/(-1). What is the greatest common factor of 2080 and s?
8
Let r = -94 - -96. Suppose r*u - f - 106 = 0, -2*u + f - 5*f = -106. What is the greatest common factor of u and 212?
53
Let i(u) = 5*u**2 + 4*u - 3. Let g be i(-5). Let v = -108682 + 109039. Calculate the highest common factor of v and g.
51
Let h = 65 + -134. Let q = -309 - h. Let i be ((-2)/(-4))/((-3)/q). Calculate the greatest common factor of i and 5.
5
Let a = 10 + -16. Let n = 34 + a. Suppose 0 = 203*v - 204*v + 7. Calculate the highest common factor of n and v.
7
Suppose 8 + 3 = 9*w - 25. Let d be 94/(-2 + 15/6). What is the highest common factor of d and w?
4
Suppose -5664 = -5*a - 1099. Suppose -l = 5, 2*u - l - a = -62. Calculate the greatest common divisor of 47 and u.
47
Suppose 5*v - 8 = -p, 4 = -4*v + 4*p - 4. Suppose -5*l + 25 = 0, -l = 5*g - 3*l - 10. What is the highest common factor of v and g?
1
Let x be (-9 + 8 - -9)*9. Calculate the greatest common divisor of x and 450.
18
Let u be 9/(-2) - 65/26 - 112. Let h = 233 + -440. Let j = u - h. Calculate the greatest common divisor of 8 and j.
8
Let d(f) = -176*f**2 - 3*f**3 - 24*f + 154*f**2 + 2*f**3 - 25. Let u be d(-21). What is the highest common factor of 38 and u?
38
Let b = 5084 + -5061. What is the highest common divisor of 1909 and b?
23
Suppose 0 = 28*v - 25*v - 888. Let c = v - 626. Let m = c - -554. What is the greatest common divisor of 32 and m?
32
Let p(d) = 3*d**3 + d**2 - d. Let m be p(1). Suppose -244 = -49*f + 50. Suppose f*r - 33 = m*r. Calculate the highest common factor of 88 and r.
11
Let z be (-1376)/(-136) + -10 + (-34266)/(-51). Calculate the highest common factor of z and 1248.
96
Let h be (-60)/4*7155/(-57) - (-2)/19. Calculate the highest common divisor of h and 28.
7
Suppose s + 4*n - 20 = 0, -4*n + 12 = -n. Suppose -6*y + 910 = s*y. Calculate the greatest common factor of 39 and y.
13
Suppose -v = 3*y - 1439 + 487, -3*v + 623 = 2*y. What is the greatest common divisor of 77 and y?
11
Let o = -67 - -85. Suppose 16*d - o*d = -16. What is the greatest common factor of d and 6?
2
Let i(u) = 3*u**2 - 12*u + 53. Let p = 194 + -182. Let z be i(p). Calculate the highest common divisor of 11 and z.
11
Suppose 0 = -2*i - 0*i + 194. Let w = i + -58. Let l = 9121 - 9069. What is the highest common divisor of l and w?
13
Suppose -3*b + 6*b + 4*h - 950 = 0, 1252 = 4*b - 2*h. Let g = -171 + b. What is the greatest common divisor of g and 13?
13
Let s be 12 + 1932/14 + -2. Let l(k) = -k**3 - 15*k**2 - 6*k + 21. Let g be l(-15). Calculate the highest common factor of g and s.
37
Suppose 74*c - 152*c + 855 = 93*c. Calculate the greatest common divisor of 895 and c.
5
Let c be 6/(202/198 + -1). Suppose f = 5 - 3. Suppose 3*b = f*q + 10 - 70, -139 = -5*q + 2*b. What is the highest common factor of c and q?
27
Let q(i) = -i**2 - 102*i - 637. Let j be q(-7). Let l(n) = -n**3 - 2*n**2 - 9*n. Let x be l(-7). Calculate the greatest common factor of x and j.
28
Let o(b) = 36*b**3 - 60*b**2 + 56*b + 3. Let h be o(1). What is the greatest common divisor of h and 3745?
35
Suppose -7*l - 1883 = -1904. Suppose 12*v - 17*v - 187 = -l*m, -5*m - 3*v = -255. Calculate the greatest common factor of m and 189.
27
Suppose -2*q - 8 = -4*g + 8, 3*q + 6 = -3*g. Let l be -4*(-3312)/22 - g/11. Calculate the highest common divisor of l and 14.
14
Let b(r) = r**3 + 12*r**2 + 11*r + 10. Let y be b(-11). Suppose 71*x = 62*x + 8640. What is the greatest common divisor of x and y?
10
Let q be 41/((-2)/(-18) - 0). Let z = 1742 - 1075. Suppose -17*r + 30 = -z. Calculate the highest common divisor of r and q.
41
Let w(k) = -k**3 + 5*k**2 + 4*k - 7. Let r be w(5). Let i = 16 + -15. What is the highest common divisor of i and r?
1
Suppose 5*r - 427 = 4*t + 1649, -4*r + 4*t = -1660. Let o = r - 386. What is the greatest common divisor of 110 and o?
10
Let o = 6 - 4. Suppose -o*q = -17 - 15. Suppose 6*l - 8*l + c = -8, 2*c = -4*l + 16. What is the highest common factor of q and l?
4
Let f = -327 + 535. Let r be 1/(-3)*(-8 - 40). What is the greatest common divisor of r and f?
16
Let l be 3*(-1)/3*(-584 - -6). Suppose 5 = 2*w - 29. Calculate the highest common factor of w and l.
17
Let x(s) = -s**3 - 9*s**2 - s + 3. Let i be x(-6). Suppose 19*p = 669 - 3785. Let m = i - p. What is the highest common divisor of 13 and m?
13
Suppose 0 = 4*b - 7 - 41. Let c be (25 - 1)*(-110)/(-40). Calculate the highest common factor of b and c.
6
Let n be (-91)/39*(0 - -3). Let q(p) = -5*p + 20. Let h be q(n). Calculate the highest common factor of h and 495.
55
Let c be (-9 - (-145)/15)*498/4. Suppose -197 = 3*h + 4*n, -3*h + 2*h - 4*n - 79 = 0. Let s = c + h. What is the highest common divisor of 16 and s?
8
Suppose -50*c = -48*c + 222. Let q = -69 - c. Let z(d) = -d**2 + 6*d + 6. Let t be z(6). Calculate the highest common factor of t and q.
6
Suppose -4*o = 3*n - 25, 18 = 3*n + 9. Let g be (504/10)/o - (-14)/35. Let b = 3 + -2. Calculate the highest common factor of b and g.
1
Suppose y - 2*y + 85 = 2*p, -5*y = 5*p - 205. Suppose -4*n + p = -2*o - 52, 0 = 2*o + 8. Let a = 49 - n. Calculate the highest common factor of a and 9.
9
Let k be 26 - 25 - (-2429)/7. Calculate the greatest common divisor of k and 36.
12
Let r(p) = -9*p - 31. Let i be r(19). Suppose -2*c = -3*c - 11. Let n be c/(594/12) + i/(-18). What is the greatest common divisor of n and 88?
11
Suppose -30*b = 7181 + 7219. Let c = -285 - b. What is the highest common divisor of 39 and c?
39
Suppose 34391*a - 34394*a + 18 = 0. What is the highest common divisor of a and 13644?
6
Let q = 2374 - 2198. What is the greatest common divisor of 4136 and q?
88
Suppose -13*s = -30*s + 51. Suppose s*t - t = 2*c + 18, -5*c = -4*t + 37. Calculate the highest common divisor of t and 56.
8
Suppose -27*i = -2297 - 4183. Suppose -86*u - 5*f = -83*u - 2, 0 = -2*u + 4*f + 16. What is the greatest common divisor of i and u?
4
Let v(j) = 98*j**2 + 6*j + 2. Let a be v(-1). What is the highest common divisor of a and 611?
47
Suppose -17*u + 51*u - 26*u - 4736 = 0. Calculate the greatest common divisor of 1168 and u.
16
Let o(q) = -2*q**3 + 34*q**2 - 100*q - 14. Let p be o(13). What is the highest common divisor of 13661 and p?
19
Suppose -3*d + 6028 = -5*g - 5015, 0 = d + 2*g - 3692. Suppose 20*l = -6 + d. Calculate the greatest common divisor of l and 230.
46
Let l be -6*36/27 + 24 - 6. What is the highest common factor of 135 and l?
5
Let n be 51 - 14/84*-1*-18. Suppose x = -3*m - 2*m + 1356, -4*m + x = -1092. Calculate the highest common factor of m and n.
16
Suppose -14*k - 27*k + 574 = 0. What is the highest common factor of k and 1158?
2
Let m be (-4 - -3)*396/4. Let f = m + 105. Calculate the highest common divisor of f and 14.
2
Suppose -y + 5*p = -59, 2*y - 2*p - 69 = -7. Calculate the highest common divisor of y and 366.
6
Suppose -a - 192 = -5*a. Let x(f) = -f**3 + 9*f**2 - 4*f - 14. Let k be x(10). Let y = 160 +